{"id":1319,"date":"2022-12-03T09:01:02","date_gmt":"2022-12-03T09:01:02","guid":{"rendered":"https:\/\/www.mm-therapiepraxis.ch\/?page_id=1319"},"modified":"2025-09-19T14:01:47","modified_gmt":"2025-09-19T13:01:47","slug":"impressum","status":"publish","type":"page","link":"https:\/\/www.mm-therapiepraxis.ch\/?page_id=1319","title":{"rendered":"Impressum"},"content":{"rendered":"\t\t<div data-elementor-type=\"wp-page\" data-elementor-id=\"1319\" class=\"elementor elementor-1319\" data-elementor-post-type=\"page\">\n\t\t\t\t\t\t<section class=\"elementor-section elementor-top-section elementor-element elementor-element-6aa1ce7 elementor-section-boxed elementor-section-height-default elementor-section-height-default\" data-id=\"6aa1ce7\" data-element_type=\"section\" data-e-type=\"section\">\n\t\t\t\t\t\t<div class=\"elementor-container elementor-column-gap-default\">\n\t\t\t\t\t<div class=\"elementor-column elementor-col-100 elementor-top-column elementor-element elementor-element-e203618\" data-id=\"e203618\" data-element_type=\"column\" data-e-type=\"column\">\n\t\t\t<div class=\"elementor-widget-wrap elementor-element-populated\">\n\t\t\t\t\t\t<div class=\"elementor-element elementor-element-1194c10 elementor-nav-menu__align-end elementor-nav-menu--stretch elementor-nav-menu--dropdown-tablet elementor-nav-menu__text-align-aside elementor-nav-menu--toggle elementor-nav-menu--burger elementor-widget elementor-widget-global elementor-global-751 elementor-widget-nav-menu\" data-id=\"1194c10\" data-element_type=\"widget\" data-e-type=\"widget\" data-settings=\"{&quot;full_width&quot;:&quot;stretch&quot;,&quot;submenu_icon&quot;:{&quot;value&quot;:&quot;fas fa-angle-down&quot;,&quot;library&quot;:&quot;fa-solid&quot;},&quot;layout&quot;:&quot;horizontal&quot;,&quot;toggle&quot;:&quot;burger&quot;}\" data-widget_type=\"nav-menu.default\">\n\t\t\t\t<div class=\"elementor-widget-container\">\n\t\t\t\t\t\t\t\t<nav aria-label=\"Men\u00fc\" class=\"elementor-nav-menu--main elementor-nav-menu__container elementor-nav-menu--layout-horizontal e--pointer-none\">\n\t\t\t\t<ul id=\"menu-1-1194c10\" class=\"elementor-nav-menu\"><li class=\"menu-item menu-item-type-post_type menu-item-object-page menu-item-home menu-item-593\"><a href=\"https:\/\/www.mm-therapiepraxis.ch\/\" class=\"elementor-item\">MM-Therapiepraxis.ch<\/a><\/li>\n<li class=\"menu-item menu-item-type-post_type menu-item-object-page menu-item-has-children menu-item-143\"><a href=\"https:\/\/www.mm-therapiepraxis.ch\/?page_id=18\" class=\"elementor-item\">Therapie &#038; Massage<\/a>\n<ul class=\"sub-menu elementor-nav-menu--dropdown\">\n\t<li class=\"menu-item menu-item-type-post_type menu-item-object-page menu-item-776\"><a href=\"https:\/\/www.mm-therapiepraxis.ch\/?page_id=19\" class=\"elementor-sub-item\">Triggerpunkt-Therapie<\/a><\/li>\n\t<li class=\"menu-item menu-item-type-post_type menu-item-object-page menu-item-781\"><a href=\"https:\/\/www.mm-therapiepraxis.ch\/?page_id=20\" class=\"elementor-sub-item\">Tiefenmassage<\/a><\/li>\n\t<li class=\"menu-item menu-item-type-post_type menu-item-object-page menu-item-780\"><a href=\"https:\/\/www.mm-therapiepraxis.ch\/?page_id=21\" class=\"elementor-sub-item\">Fussreflexzonenmassage<\/a><\/li>\n\t<li class=\"menu-item menu-item-type-post_type menu-item-object-page menu-item-779\"><a href=\"https:\/\/www.mm-therapiepraxis.ch\/?page_id=22\" class=\"elementor-sub-item\">Dorn-Breuss-Therapie<\/a><\/li>\n\t<li class=\"menu-item menu-item-type-post_type menu-item-object-page menu-item-has-children menu-item-777\"><a href=\"https:\/\/www.mm-therapiepraxis.ch\/?page_id=24\" class=\"elementor-sub-item\">Klassische Massage<\/a>\n\t<ul class=\"sub-menu elementor-nav-menu--dropdown\">\n\t\t<li class=\"menu-item menu-item-type-post_type menu-item-object-page menu-item-1052\"><a href=\"https:\/\/www.mm-therapiepraxis.ch\/?page_id=1033\" class=\"elementor-sub-item\">Kopfschmerzen und Migr\u00e4ne<\/a><\/li>\n\t\t<li class=\"menu-item menu-item-type-post_type menu-item-object-page menu-item-1500\"><a href=\"https:\/\/www.mm-therapiepraxis.ch\/?page_id=1476\" class=\"elementor-sub-item\">Fatigue-Syndrom<\/a><\/li>\n\t<\/ul>\n<\/li>\n\t<li class=\"menu-item menu-item-type-post_type menu-item-object-page menu-item-1470\"><a href=\"https:\/\/www.mm-therapiepraxis.ch\/?page_id=1456\" class=\"elementor-sub-item\">Lymphdrainage<\/a><\/li>\n\t<li class=\"menu-item menu-item-type-post_type menu-item-object-page menu-item-1512\"><a href=\"https:\/\/www.mm-therapiepraxis.ch\/?page_id=1502\" class=\"elementor-sub-item\">Andullation<\/a><\/li>\n\t<li class=\"menu-item menu-item-type-post_type menu-item-object-page menu-item-150\"><a href=\"https:\/\/www.mm-therapiepraxis.ch\/?page_id=133\" class=\"elementor-sub-item\">Specials<\/a><\/li>\n<\/ul>\n<\/li>\n<li class=\"menu-item menu-item-type-post_type menu-item-object-page menu-item-1084\"><a href=\"https:\/\/www.mm-therapiepraxis.ch\/?page_id=1075\" class=\"elementor-item\">Krankenkasse<\/a><\/li>\n<li class=\"menu-item menu-item-type-post_type menu-item-object-page menu-item-has-children menu-item-1431\"><a href=\"https:\/\/www.mm-therapiepraxis.ch\/?page_id=1425\" class=\"elementor-item\">\u00dcber mich<\/a>\n<ul class=\"sub-menu elementor-nav-menu--dropdown\">\n\t<li class=\"menu-item menu-item-type-post_type menu-item-object-page menu-item-144\"><a href=\"https:\/\/www.mm-therapiepraxis.ch\/?page_id=16\" class=\"elementor-sub-item\">\u00dcber mich<\/a><\/li>\n\t<li class=\"menu-item menu-item-type-post_type menu-item-object-page menu-item-145\"><a href=\"https:\/\/www.mm-therapiepraxis.ch\/?page_id=17\" class=\"elementor-sub-item\">CV<\/a><\/li>\n<\/ul>\n<\/li>\n<li class=\"menu-item menu-item-type-post_type menu-item-object-page menu-item-has-children menu-item-149\"><a href=\"https:\/\/www.mm-therapiepraxis.ch\/?page_id=132\" class=\"elementor-item\">Kontakt<\/a>\n<ul class=\"sub-menu elementor-nav-menu--dropdown\">\n\t<li class=\"menu-item menu-item-type-post_type menu-item-object-page menu-item-1331\"><a href=\"https:\/\/www.mm-therapiepraxis.ch\/?page_id=1319\" class=\"elementor-sub-item\">Impressum<\/a><\/li>\n<\/ul>\n<\/li>\n<\/ul>\t\t\t<\/nav>\n\t\t\t\t\t<div class=\"elementor-menu-toggle\" role=\"button\" tabindex=\"0\" aria-label=\"Men\u00fc Umschalter\" aria-expanded=\"false\">\n\t\t\t<i aria-hidden=\"true\" role=\"presentation\" class=\"elementor-menu-toggle__icon--open eicon-menu-bar\"><\/i><i aria-hidden=\"true\" role=\"presentation\" class=\"elementor-menu-toggle__icon--close eicon-close\"><\/i>\t\t<\/div>\n\t\t\t\t\t<nav class=\"elementor-nav-menu--dropdown elementor-nav-menu__container\" aria-hidden=\"true\">\n\t\t\t\t<ul id=\"menu-2-1194c10\" class=\"elementor-nav-menu\"><li class=\"menu-item menu-item-type-post_type menu-item-object-page menu-item-home menu-item-593\"><a href=\"https:\/\/www.mm-therapiepraxis.ch\/\" class=\"elementor-item\" tabindex=\"-1\">MM-Therapiepraxis.ch<\/a><\/li>\n<li class=\"menu-item menu-item-type-post_type menu-item-object-page menu-item-has-children menu-item-143\"><a href=\"https:\/\/www.mm-therapiepraxis.ch\/?page_id=18\" class=\"elementor-item\" tabindex=\"-1\">Therapie &#038; Massage<\/a>\n<ul class=\"sub-menu elementor-nav-menu--dropdown\">\n\t<li class=\"menu-item menu-item-type-post_type menu-item-object-page menu-item-776\"><a href=\"https:\/\/www.mm-therapiepraxis.ch\/?page_id=19\" class=\"elementor-sub-item\" tabindex=\"-1\">Triggerpunkt-Therapie<\/a><\/li>\n\t<li class=\"menu-item menu-item-type-post_type menu-item-object-page menu-item-781\"><a href=\"https:\/\/www.mm-therapiepraxis.ch\/?page_id=20\" class=\"elementor-sub-item\" tabindex=\"-1\">Tiefenmassage<\/a><\/li>\n\t<li class=\"menu-item menu-item-type-post_type menu-item-object-page menu-item-780\"><a href=\"https:\/\/www.mm-therapiepraxis.ch\/?page_id=21\" class=\"elementor-sub-item\" tabindex=\"-1\">Fussreflexzonenmassage<\/a><\/li>\n\t<li class=\"menu-item menu-item-type-post_type menu-item-object-page menu-item-779\"><a href=\"https:\/\/www.mm-therapiepraxis.ch\/?page_id=22\" class=\"elementor-sub-item\" tabindex=\"-1\">Dorn-Breuss-Therapie<\/a><\/li>\n\t<li class=\"menu-item menu-item-type-post_type menu-item-object-page menu-item-has-children menu-item-777\"><a href=\"https:\/\/www.mm-therapiepraxis.ch\/?page_id=24\" class=\"elementor-sub-item\" tabindex=\"-1\">Klassische Massage<\/a>\n\t<ul class=\"sub-menu elementor-nav-menu--dropdown\">\n\t\t<li class=\"menu-item menu-item-type-post_type menu-item-object-page menu-item-1052\"><a href=\"https:\/\/www.mm-therapiepraxis.ch\/?page_id=1033\" class=\"elementor-sub-item\" tabindex=\"-1\">Kopfschmerzen und Migr\u00e4ne<\/a><\/li>\n\t\t<li class=\"menu-item menu-item-type-post_type menu-item-object-page menu-item-1500\"><a href=\"https:\/\/www.mm-therapiepraxis.ch\/?page_id=1476\" class=\"elementor-sub-item\" tabindex=\"-1\">Fatigue-Syndrom<\/a><\/li>\n\t<\/ul>\n<\/li>\n\t<li class=\"menu-item menu-item-type-post_type menu-item-object-page menu-item-1470\"><a href=\"https:\/\/www.mm-therapiepraxis.ch\/?page_id=1456\" class=\"elementor-sub-item\" tabindex=\"-1\">Lymphdrainage<\/a><\/li>\n\t<li class=\"menu-item menu-item-type-post_type menu-item-object-page menu-item-1512\"><a href=\"https:\/\/www.mm-therapiepraxis.ch\/?page_id=1502\" class=\"elementor-sub-item\" tabindex=\"-1\">Andullation<\/a><\/li>\n\t<li class=\"menu-item menu-item-type-post_type menu-item-object-page menu-item-150\"><a href=\"https:\/\/www.mm-therapiepraxis.ch\/?page_id=133\" class=\"elementor-sub-item\" tabindex=\"-1\">Specials<\/a><\/li>\n<\/ul>\n<\/li>\n<li class=\"menu-item menu-item-type-post_type menu-item-object-page menu-item-1084\"><a href=\"https:\/\/www.mm-therapiepraxis.ch\/?page_id=1075\" class=\"elementor-item\" tabindex=\"-1\">Krankenkasse<\/a><\/li>\n<li class=\"menu-item menu-item-type-post_type menu-item-object-page menu-item-has-children menu-item-1431\"><a href=\"https:\/\/www.mm-therapiepraxis.ch\/?page_id=1425\" class=\"elementor-item\" tabindex=\"-1\">\u00dcber mich<\/a>\n<ul class=\"sub-menu elementor-nav-menu--dropdown\">\n\t<li class=\"menu-item menu-item-type-post_type menu-item-object-page menu-item-144\"><a href=\"https:\/\/www.mm-therapiepraxis.ch\/?page_id=16\" class=\"elementor-sub-item\" tabindex=\"-1\">\u00dcber mich<\/a><\/li>\n\t<li class=\"menu-item menu-item-type-post_type menu-item-object-page menu-item-145\"><a href=\"https:\/\/www.mm-therapiepraxis.ch\/?page_id=17\" class=\"elementor-sub-item\" tabindex=\"-1\">CV<\/a><\/li>\n<\/ul>\n<\/li>\n<li class=\"menu-item menu-item-type-post_type menu-item-object-page menu-item-has-children menu-item-149\"><a href=\"https:\/\/www.mm-therapiepraxis.ch\/?page_id=132\" class=\"elementor-item\" tabindex=\"-1\">Kontakt<\/a>\n<ul class=\"sub-menu elementor-nav-menu--dropdown\">\n\t<li class=\"menu-item menu-item-type-post_type menu-item-object-page menu-item-1331\"><a href=\"https:\/\/www.mm-therapiepraxis.ch\/?page_id=1319\" class=\"elementor-sub-item\" tabindex=\"-1\">Impressum<\/a><\/li>\n<\/ul>\n<\/li>\n<\/ul>\t\t\t<\/nav>\n\t\t\t\t\t\t<\/div>\n\t\t\t\t<\/div>\n\t\t\t\t\t<\/div>\n\t\t<\/div>\n\t\t\t\t\t<\/div>\n\t\t<\/section>\n\t\t\t\t<section class=\"elementor-section elementor-top-section elementor-element elementor-element-05ccbdb elementor-section-boxed elementor-section-height-default elementor-section-height-default\" data-id=\"05ccbdb\" data-element_type=\"section\" data-e-type=\"section\">\n\t\t\t\t\t\t<div class=\"elementor-container elementor-column-gap-default\">\n\t\t\t\t\t<div class=\"elementor-column elementor-col-100 elementor-top-column elementor-element elementor-element-abb339b\" data-id=\"abb339b\" data-element_type=\"column\" data-e-type=\"column\">\n\t\t\t<div class=\"elementor-widget-wrap elementor-element-populated\">\n\t\t\t\t\t\t<div class=\"elementor-element elementor-element-673d755 elementor-widget elementor-widget-heading\" data-id=\"673d755\" data-element_type=\"widget\" data-e-type=\"widget\" data-widget_type=\"heading.default\">\n\t\t\t\t<div class=\"elementor-widget-container\">\n\t\t\t\t\t<h2 class=\"elementor-heading-title elementor-size-default\">Impressum<\/h2>\t\t\t\t<\/div>\n\t\t\t\t<\/div>\n\t\t\t\t\t<\/div>\n\t\t<\/div>\n\t\t\t\t\t<\/div>\n\t\t<\/section>\n\t\t\t\t<section class=\"elementor-section elementor-top-section elementor-element elementor-element-1a6051d elementor-section-boxed elementor-section-height-default elementor-section-height-default\" data-id=\"1a6051d\" data-element_type=\"section\" data-e-type=\"section\">\n\t\t\t\t\t\t<div class=\"elementor-container elementor-column-gap-default\">\n\t\t\t\t\t<div class=\"elementor-column elementor-col-100 elementor-top-column elementor-element elementor-element-61c1c7d\" data-id=\"61c1c7d\" data-element_type=\"column\" data-e-type=\"column\">\n\t\t\t<div class=\"elementor-widget-wrap elementor-element-populated\">\n\t\t\t\t\t\t<section class=\"elementor-section elementor-inner-section elementor-element elementor-element-6734b49 elementor-section-boxed elementor-section-height-default elementor-section-height-default\" data-id=\"6734b49\" data-element_type=\"section\" data-e-type=\"section\">\n\t\t\t\t\t\t<div class=\"elementor-container elementor-column-gap-default\">\n\t\t\t\t\t<div class=\"elementor-column elementor-col-100 elementor-inner-column elementor-element elementor-element-7113a2b\" data-id=\"7113a2b\" data-element_type=\"column\" data-e-type=\"column\">\n\t\t\t<div class=\"elementor-widget-wrap elementor-element-populated\">\n\t\t\t\t\t\t<div class=\"elementor-element elementor-element-35caf04 elementor-widget elementor-widget-text-editor\" data-id=\"35caf04\" data-element_type=\"widget\" data-e-type=\"widget\" data-widget_type=\"text-editor.default\">\n\t\t\t\t<div class=\"elementor-widget-container\">\n\t\t\t\t\t\t\t\t\t<h6><strong>Kontaktadresse<\/strong><\/h6>\n<h6>Vlasin Mihaela Maria<br>MM-Therapiepraxis<br>B\u00e4rengasse 23<br>4800 Zofingen<br>Telefon: +41 79 199 55 88<br>E-Mail: mihaela@mm-therapiepraxis.ch<\/h6>\n<h6><strong>Haftungsausschluss<\/strong><\/h6>\n<h6>Der Webseitenbetreiber \u00fcbernimmt keine Gew\u00e4hr bez\u00fcglich der inhaltlichen Korrektheit, Exaktheit, Aktualit\u00e4t, Vollst\u00e4ndigkeit oder Zuverl\u00e4ssigkeit der ver\u00f6ffentlichten Informationen.<\/h6>\n<h6>Haftungsanspr\u00fcche gegen den Webseitenbetreiber wegen materieller oder immaterieller Sch\u00e4den jeglicher Art, welche aus dem Besuch, der Nutzung oder auch Nichtnutzung der zur Verf\u00fcgung gestellten Daten, durch einen falschen Gebrauch der Internetverbindung oder durch eventuelle technische Fehler entstanden sind, werden ausgeschlossen.<\/h6>\n<h6>Alle ver\u00f6ffentlichten Angebote haben einen unverbindlichen Charakter. Der Webseitenbetreiber hat das Recht, Teile von Webseiten oder auch den gesamten Inhalt ohne vorherige Ank\u00fcndigung zu \u00e4ndern, zu erg\u00e4nzen, zu l\u00f6schen oder die Publikation teilweise oder komplett einzustellen.<\/h6>\n<h6><strong>Haftung f\u00fcr&nbsp;Links<\/strong><\/h6>\n<h6>Links auf Webseiten von Drittanbietern, sowie Verweise darauf, liegen ausserhalb des Verantwortungsbereichs des Webseitenbetreibers. Jegliche Verantwortung fu\u0308r die Inhalte dieser Webseiten wird abgelehnt. Wer auf von Drittanbietern zugreift, diese besucht oder nutzt, tut dies auf eigene Gefahr.<\/h6>\n<h6><strong>Urheberrechte<\/strong><\/h6>\n<h6>Das Urheberrecht sowie alle anderen Rechte an Texten, Bildern, Fotos oder Dateien auf der Webseite geh\u00f6ren ausschliesslich den Webseitenbetreiber oder den angef\u00fchrten Rechteinhabern. Die Reproduktion von Elementen bedarf der schriftlichen Zustimmung der Urheberrechtstr\u00e4ger.<\/h6>\n<h6>Diese Impressum wurde erstellt am&nbsp;impressumgeneratorschweiz.de.<\/h6>\n<h6>Fotos: canva.com \/ stock.adobe.com \/ iStock.com<\/h6>\t\t\t\t\t\t\t\t<\/div>\n\t\t\t\t<\/div>\n\t\t\t\t\t<\/div>\n\t\t<\/div>\n\t\t\t\t\t<\/div>\n\t\t<\/section>\n\t\t\t\t\t<\/div>\n\t\t<\/div>\n\t\t\t\t\t<\/div>\n\t\t<\/section>\n\t\t\t\t<\/div>\n\t\t","protected":false},"excerpt":{"rendered":"<p>Impressum Kontaktadresse Vlasin Mihaela MariaMM-TherapiepraxisB\u00e4rengasse 234800 ZofingenTelefon: +41 79 199 55 88E-Mail: mihaela@mm-therapiepraxis.ch Haftungsausschluss Der Webseitenbetreiber \u00fcbernimmt keine Gew\u00e4hr bez\u00fcglich der inhaltlichen Korrektheit, Exaktheit, Aktualit\u00e4t, Vollst\u00e4ndigkeit oder Zuverl\u00e4ssigkeit der ver\u00f6ffentlichten Informationen. Haftungsanspr\u00fcche gegen den Webseitenbetreiber wegen materieller oder immaterieller Sch\u00e4den jeglicher Art, welche aus dem Besuch, der Nutzung oder auch Nichtnutzung der zur Verf\u00fcgung gestellten [&hellip;]<\/p>\n","protected":false},"author":1,"featured_media":0,"parent":0,"menu_order":0,"comment_status":"closed","ping_status":"closed","template":"","meta":{"footnotes":""},"class_list":["post-1319","page","type-page","status-publish","hentry"],"yoast_head":"<!-- This site is optimized with the Yoast SEO plugin v26.9 - https:\/\/yoast.com\/product\/yoast-seo-wordpress\/ -->\n<title>Impressum - MM-THERAPIEPRAXIS<\/title>\n<meta name=\"robots\" content=\"index, follow, max-snippet:-1, max-image-preview:large, max-video-preview:-1\" \/>\n<link rel=\"canonical\" href=\"https:\/\/www.mm-therapiepraxis.ch\/?page_id=1319\" \/>\n<meta property=\"og:locale\" content=\"de_DE\" \/>\n<meta property=\"og:type\" content=\"article\" \/>\n<meta property=\"og:title\" content=\"Impressum - MM-THERAPIEPRAXIS\" \/>\n<meta property=\"og:description\" content=\"Impressum Kontaktadresse Vlasin Mihaela MariaMM-TherapiepraxisB\u00e4rengasse 234800 ZofingenTelefon: +41 79 199 55 88E-Mail: mihaela@mm-therapiepraxis.ch Haftungsausschluss Der Webseitenbetreiber \u00fcbernimmt keine Gew\u00e4hr bez\u00fcglich der inhaltlichen Korrektheit, Exaktheit, Aktualit\u00e4t, Vollst\u00e4ndigkeit oder Zuverl\u00e4ssigkeit der ver\u00f6ffentlichten Informationen. Haftungsanspr\u00fcche gegen den Webseitenbetreiber wegen materieller oder immaterieller Sch\u00e4den jeglicher Art, welche aus dem Besuch, der Nutzung oder auch Nichtnutzung der zur Verf\u00fcgung gestellten [&hellip;]\" \/>\n<meta property=\"og:url\" content=\"https:\/\/www.mm-therapiepraxis.ch\/?page_id=1319\" \/>\n<meta property=\"og:site_name\" content=\"MM-THERAPIEPRAXIS\" \/>\n<meta property=\"article:modified_time\" content=\"2025-09-19T13:01:47+00:00\" \/>\n<meta name=\"twitter:card\" content=\"summary_large_image\" \/>\n<meta name=\"twitter:label1\" content=\"Gesch\u00e4tzte Lesezeit\" \/>\n\t<meta name=\"twitter:data1\" content=\"2\u00a0Minuten\" \/>\n<script type=\"application\/ld+json\" class=\"yoast-schema-graph\">{\"@context\":\"https:\/\/schema.org\",\"@graph\":[{\"@type\":\"WebPage\",\"@id\":\"https:\/\/www.mm-therapiepraxis.ch\/?page_id=1319\",\"url\":\"https:\/\/www.mm-therapiepraxis.ch\/?page_id=1319\",\"name\":\"Impressum - MM-THERAPIEPRAXIS\",\"isPartOf\":{\"@id\":\"https:\/\/www.mm-therapiepraxis.ch\/#website\"},\"datePublished\":\"2022-12-03T09:01:02+00:00\",\"dateModified\":\"2025-09-19T13:01:47+00:00\",\"breadcrumb\":{\"@id\":\"https:\/\/www.mm-therapiepraxis.ch\/?page_id=1319#breadcrumb\"},\"inLanguage\":\"de\",\"potentialAction\":[{\"@type\":\"ReadAction\",\"target\":[\"https:\/\/www.mm-therapiepraxis.ch\/?page_id=1319\"]}]},{\"@type\":\"BreadcrumbList\",\"@id\":\"https:\/\/www.mm-therapiepraxis.ch\/?page_id=1319#breadcrumb\",\"itemListElement\":[{\"@type\":\"ListItem\",\"position\":1,\"name\":\"Startseite\",\"item\":\"https:\/\/www.mm-therapiepraxis.ch\/\"},{\"@type\":\"ListItem\",\"position\":2,\"name\":\"Impressum\"}]},{\"@type\":\"WebSite\",\"@id\":\"https:\/\/www.mm-therapiepraxis.ch\/#website\",\"url\":\"https:\/\/www.mm-therapiepraxis.ch\/\",\"name\":\"MM-THERAPIEPRAXIS\",\"description\":\"Praxis f\u00fcr Massagen in der Altstadt Zofingen. Unabh\u00e4ngig ob Sie aus medizinischen Gr\u00fcnden oder einfach zum Entspannen vorbeikommen. G\u00f6nnen Sie Ihrem K\u00f6rper Erholung. Parkpl\u00e4tze gen\u00fcgend vorhanden. Krankenkasse anerkannt.\",\"publisher\":{\"@id\":\"https:\/\/www.mm-therapiepraxis.ch\/#organization\"},\"potentialAction\":[{\"@type\":\"SearchAction\",\"target\":{\"@type\":\"EntryPoint\",\"urlTemplate\":\"https:\/\/www.mm-therapiepraxis.ch\/?s={search_term_string}\"},\"query-input\":{\"@type\":\"PropertyValueSpecification\",\"valueRequired\":true,\"valueName\":\"search_term_string\"}}],\"inLanguage\":\"de\"},{\"@type\":\"Organization\",\"@id\":\"https:\/\/www.mm-therapiepraxis.ch\/#organization\",\"name\":\"MM-THERAPIEPRAXIS\",\"url\":\"https:\/\/www.mm-therapiepraxis.ch\/\",\"logo\":{\"@type\":\"ImageObject\",\"inLanguage\":\"de\",\"@id\":\"https:\/\/www.mm-therapiepraxis.ch\/#\/schema\/logo\/image\/\",\"url\":\"https:\/\/www.mm-therapiepraxis.ch\/wp-content\/uploads\/2022\/11\/MM-Therapiepraxis_Visitenkarten85-\u00d7-55-mm.png\",\"contentUrl\":\"https:\/\/www.mm-therapiepraxis.ch\/wp-content\/uploads\/2022\/11\/MM-Therapiepraxis_Visitenkarten85-\u00d7-55-mm.png\",\"width\":1004,\"height\":650,\"caption\":\"MM-THERAPIEPRAXIS\"},\"image\":{\"@id\":\"https:\/\/www.mm-therapiepraxis.ch\/#\/schema\/logo\/image\/\"}}]}<\/script>\n<!-- \/ Yoast SEO plugin. -->","yoast_head_json":{"title":"Impressum - MM-THERAPIEPRAXIS","robots":{"index":"index","follow":"follow","max-snippet":"max-snippet:-1","max-image-preview":"max-image-preview:large","max-video-preview":"max-video-preview:-1"},"canonical":"https:\/\/www.mm-therapiepraxis.ch\/?page_id=1319","og_locale":"de_DE","og_type":"article","og_title":"Impressum - MM-THERAPIEPRAXIS","og_description":"Impressum Kontaktadresse Vlasin Mihaela MariaMM-TherapiepraxisB\u00e4rengasse 234800 ZofingenTelefon: +41 79 199 55 88E-Mail: mihaela@mm-therapiepraxis.ch Haftungsausschluss Der Webseitenbetreiber \u00fcbernimmt keine Gew\u00e4hr bez\u00fcglich der inhaltlichen Korrektheit, Exaktheit, Aktualit\u00e4t, Vollst\u00e4ndigkeit oder Zuverl\u00e4ssigkeit der ver\u00f6ffentlichten Informationen. Haftungsanspr\u00fcche gegen den Webseitenbetreiber wegen materieller oder immaterieller Sch\u00e4den jeglicher Art, welche aus dem Besuch, der Nutzung oder auch Nichtnutzung der zur Verf\u00fcgung gestellten [&hellip;]","og_url":"https:\/\/www.mm-therapiepraxis.ch\/?page_id=1319","og_site_name":"MM-THERAPIEPRAXIS","article_modified_time":"2025-09-19T13:01:47+00:00","twitter_card":"summary_large_image","twitter_misc":{"Gesch\u00e4tzte Lesezeit":"2\u00a0Minuten"},"schema":{"@context":"https:\/\/schema.org","@graph":[{"@type":"WebPage","@id":"https:\/\/www.mm-therapiepraxis.ch\/?page_id=1319","url":"https:\/\/www.mm-therapiepraxis.ch\/?page_id=1319","name":"Impressum - MM-THERAPIEPRAXIS","isPartOf":{"@id":"https:\/\/www.mm-therapiepraxis.ch\/#website"},"datePublished":"2022-12-03T09:01:02+00:00","dateModified":"2025-09-19T13:01:47+00:00","breadcrumb":{"@id":"https:\/\/www.mm-therapiepraxis.ch\/?page_id=1319#breadcrumb"},"inLanguage":"de","potentialAction":[{"@type":"ReadAction","target":["https:\/\/www.mm-therapiepraxis.ch\/?page_id=1319"]}]},{"@type":"BreadcrumbList","@id":"https:\/\/www.mm-therapiepraxis.ch\/?page_id=1319#breadcrumb","itemListElement":[{"@type":"ListItem","position":1,"name":"Startseite","item":"https:\/\/www.mm-therapiepraxis.ch\/"},{"@type":"ListItem","position":2,"name":"Impressum"}]},{"@type":"WebSite","@id":"https:\/\/www.mm-therapiepraxis.ch\/#website","url":"https:\/\/www.mm-therapiepraxis.ch\/","name":"MM-THERAPIEPRAXIS","description":"Praxis f\u00fcr Massagen in der Altstadt Zofingen. Unabh\u00e4ngig ob Sie aus medizinischen Gr\u00fcnden oder einfach zum Entspannen vorbeikommen. G\u00f6nnen Sie Ihrem K\u00f6rper Erholung. Parkpl\u00e4tze gen\u00fcgend vorhanden. Krankenkasse anerkannt.","publisher":{"@id":"https:\/\/www.mm-therapiepraxis.ch\/#organization"},"potentialAction":[{"@type":"SearchAction","target":{"@type":"EntryPoint","urlTemplate":"https:\/\/www.mm-therapiepraxis.ch\/?s={search_term_string}"},"query-input":{"@type":"PropertyValueSpecification","valueRequired":true,"valueName":"search_term_string"}}],"inLanguage":"de"},{"@type":"Organization","@id":"https:\/\/www.mm-therapiepraxis.ch\/#organization","name":"MM-THERAPIEPRAXIS","url":"https:\/\/www.mm-therapiepraxis.ch\/","logo":{"@type":"ImageObject","inLanguage":"de","@id":"https:\/\/www.mm-therapiepraxis.ch\/#\/schema\/logo\/image\/","url":"https:\/\/www.mm-therapiepraxis.ch\/wp-content\/uploads\/2022\/11\/MM-Therapiepraxis_Visitenkarten85-\u00d7-55-mm.png","contentUrl":"https:\/\/www.mm-therapiepraxis.ch\/wp-content\/uploads\/2022\/11\/MM-Therapiepraxis_Visitenkarten85-\u00d7-55-mm.png","width":1004,"height":650,"caption":"MM-THERAPIEPRAXIS"},"image":{"@id":"https:\/\/www.mm-therapiepraxis.ch\/#\/schema\/logo\/image\/"}}]}},"_links":{"self":[{"href":"https:\/\/www.mm-therapiepraxis.ch\/index.php?rest_route=\/wp\/v2\/pages\/1319","targetHints":{"allow":["GET"]}}],"collection":[{"href":"https:\/\/www.mm-therapiepraxis.ch\/index.php?rest_route=\/wp\/v2\/pages"}],"about":[{"href":"https:\/\/www.mm-therapiepraxis.ch\/index.php?rest_route=\/wp\/v2\/types\/page"}],"author":[{"embeddable":true,"href":"https:\/\/www.mm-therapiepraxis.ch\/index.php?rest_route=\/wp\/v2\/users\/1"}],"replies":[{"embeddable":true,"href":"https:\/\/www.mm-therapiepraxis.ch\/index.php?rest_route=%2Fwp%2Fv2%2Fcomments&post=1319"}],"version-history":[{"count":21,"href":"https:\/\/www.mm-therapiepraxis.ch\/index.php?rest_route=\/wp\/v2\/pages\/1319\/revisions"}],"predecessor-version":[{"id":1579,"href":"https:\/\/www.mm-therapiepraxis.ch\/index.php?rest_route=\/wp\/v2\/pages\/1319\/revisions\/1579"}],"wp:attachment":[{"href":"https:\/\/www.mm-therapiepraxis.ch\/index.php?rest_route=%2Fwp%2Fv2%2Fmedia&parent=1319"}],"curies":[{"name":"wp","href":"https:\/\/api.w.org\/{rel}","templated":true}]}}